{"id":57,"date":"2026-03-10T18:53:28","date_gmt":"2026-03-10T17:53:28","guid":{"rendered":"https:\/\/lapetitesauvageonne.fr\/?page_id=57"},"modified":"2026-04-07T07:50:09","modified_gmt":"2026-04-07T06:50:09","slug":"decoration-dhiver","status":"publish","type":"page","link":"https:\/\/lapetitesauvageonne.fr\/index.php\/decoration-dhiver\/","title":{"rendered":"D\u00e9coration d&rsquo;hiver"},"content":{"rendered":"<div class=\"et_pb_section_0 et_pb_section et_section_regular et_flex_section\">\n<div class=\"et_pb_row_0 et_pb_row et_flex_row\">\n<div class=\"et_pb_column_0 et_pb_column et-last-child et_flex_column et_pb_css_mix_blend_mode_passthrough et_flex_column_24_24 et_flex_column_24_24_tablet et_flex_column_24_24_phone\">\n<div class=\"et_pb_text_0 et_pb_text et_pb_bg_layout_light et_pb_module et_flex_module\"><div class=\"et_pb_text_inner\"><h1>D\u00e9coration Hiver Po\u00eatique<\/h1>\n<\/div><\/div>\n\n<div class=\"et_pb_text_1 et_pb_text et_pb_bg_layout_light et_pb_module et_flex_module\"><div class=\"et_pb_text_inner\"><h2>Par La Petite Sauvageonne<\/h2>\n<\/div><\/div>\n<\/div>\n<\/div>\n<\/div>\n\n<div class=\"et_pb_section_1 et_pb_section et_section_regular et_flex_section\"><\/div>\n\n<div class=\"et_pb_section_2 et_pb_section et_section_regular et_flex_section\">\n<div class=\"et_pb_row_1 et_pb_row et_flex_row\">\n<div class=\"et_pb_column_1 et_pb_column et-last-child et_flex_column et_pb_css_mix_blend_mode_passthrough et_flex_column_24_24 et_flex_column_24_24_tablet et_flex_column_24_24_phone\">\n<div class=\"et_pb_text_2 et_pb_text et_pb_bg_layout_light et_pb_module et_flex_module\"><div class=\"et_pb_text_inner\"><p>Enlever les d\u00e9cos de No\u00ebl laisse un certain vide dans la maison et le c\u0153ur de l\u2019hiver est un cap difficile \u00e0 passer.<\/p>\n<p>Ma fa\u00e7on d\u2019y faire face est de cr\u00e9er un petit d\u00e9cor sp\u00e9cial pour cette saison, afin de me r\u00e9chauffer le c\u0153ur. Et finalement l\u2019hiver s\u2019av\u00e8re \u00eatre une jolie source d\u2019inspiration.<\/p>\n<p>J\u2019assemble un d\u00e9cor de chemin\u00e9e tr\u00e8s \u00e9pur\u00e9 dans des tons froids, avec deux sublimes t\u00eates de chevaux, offertes en cadeau pour no\u00ebl (Loberon).<\/p>\n<p>S\u2019y ajoute un ensemble de deux magnifiques plateaux \u00e9maill\u00e9s \u00e9dit\u00e9s par les S\u0153urs Boncoeur, pour lesquels j\u2019ai eu un \u00e9norme coup de foudre. Je les mettrai ensuite sur ma cr\u00e9dence de cuisine, tels des tableaux aussi beaux que pratiques. Puis des nuages dor\u00e9s de la m\u00eame marque, pour r\u00e9chauffer l\u2019ensemble et faire \u00e9cho au jaune du petit plateau.<\/p>\n<p>Sur le rebord d\u2019une fen\u00eatre, mon cache pot pr\u00e9f\u00e9r\u00e9 (Werner Voss) avec une branche de saule qui lui donne un bel effet graphique.<\/p>\n<p>Pour un repas d\u2019hiver comme centre de table ou bien simplement pos\u00e9e sur un meuble, quelques bouteilles bomb\u00e9es d\u2019une peinture argent\u00e9 effet chrome, pos\u00e9es sur un rondin de bois et garnies de fleurs s\u00e9ch\u00e9es bomb\u00e9es de m\u00eame couleur, font un bel effet \u00e0 tr\u00e8s peu de frais.<\/p>\n<p>Une accumulation de jacinthes plant\u00e9es dans des pots \u00e0 conserves de diff\u00e9rentes tailles et formes parfume d\u00e9licieusement la maison et permet de patienter en attendant le printemps.<\/p>\n<p>Ainsi la magie se poursuit un peu, m\u00eame au c\u0153ur de l\u2019hiver.<\/p>\n<\/div><\/div>\n<\/div>\n<\/div>\n<\/div>\n\n<div class=\"et_pb_section_3 et_pb_section et_section_regular et_flex_section\">\n<div class=\"et_pb_row_2 et_pb_row et_flex_row\">\n<div class=\"et_pb_column_2 et_pb_column et_flex_column et_pb_css_mix_blend_mode_passthrough et_flex_column_12_24 et_flex_column_12_24_tablet et_flex_column_24_24_phone\">\n<div class=\"et_pb_image_0 et_pb_image et_pb_module et_flex_module\"><span class=\"et_pb_image_wrap\"><img loading=\"lazy\" decoding=\"async\" src=\"https:\/\/lapetitesauvageonne.fr\/wp-content\/uploads\/2026\/03\/15BD-1024x683.jpg\" title=\"Hiver 15BD\" width=\"1024\" height=\"683\" srcset=\"https:\/\/lapetitesauvageonne.fr\/wp-content\/uploads\/2026\/03\/15BD-1024x683.jpg 1024w, https:\/\/lapetitesauvageonne.fr\/wp-content\/uploads\/2026\/03\/15BD-980x653.jpg 980w, https:\/\/lapetitesauvageonne.fr\/wp-content\/uploads\/2026\/03\/15BD-480x320.jpg 480w\" sizes=\"(min-width: 0px) and (max-width: 480px) 480px, (min-width: 481px) and (max-width: 980px) 980px, (min-width: 981px) 1024px, 100vw\" class=\"wp-image-85\" \/><\/span><\/div>\n<\/div>\n\n<div class=\"et_pb_column_3 et_pb_column et-last-child et_flex_column et_pb_css_mix_blend_mode_passthrough et_flex_column_12_24 et_flex_column_12_24_tablet et_flex_column_24_24_phone\">\n<div class=\"et_pb_image_1 et_pb_image et_pb_module et_flex_module\"><span class=\"et_pb_image_wrap\"><img loading=\"lazy\" decoding=\"async\" src=\"https:\/\/lapetitesauvageonne.fr\/wp-content\/uploads\/2026\/03\/17BD-1024x683.jpg\" title=\"Hiver 17BD\" width=\"1024\" height=\"683\" srcset=\"https:\/\/lapetitesauvageonne.fr\/wp-content\/uploads\/2026\/03\/17BD-1024x683.jpg 1024w, https:\/\/lapetitesauvageonne.fr\/wp-content\/uploads\/2026\/03\/17BD-980x653.jpg 980w, https:\/\/lapetitesauvageonne.fr\/wp-content\/uploads\/2026\/03\/17BD-480x320.jpg 480w\" sizes=\"(min-width: 0px) and (max-width: 480px) 480px, (min-width: 481px) and (max-width: 980px) 980px, (min-width: 981px) 1024px, 100vw\" class=\"wp-image-87\" \/><\/span><\/div>\n<\/div>\n<\/div>\n<\/div>\n\n<div class=\"et_pb_section_4 et_pb_section et_section_regular et_flex_section\">\n<div class=\"et_pb_row_3 et_pb_row et_flex_row\">\n<div class=\"et_pb_column_4 et_pb_column et_flex_column et_pb_css_mix_blend_mode_passthrough et_flex_column_12_24 et_flex_column_12_24_tablet et_flex_column_24_24_phone\">\n<div class=\"et_pb_image_2 et_pb_image et_pb_module et_flex_module\"><span class=\"et_pb_image_wrap\"><img loading=\"lazy\" decoding=\"async\" src=\"https:\/\/lapetitesauvageonne.fr\/wp-content\/uploads\/2026\/03\/16BD.jpg\" title=\"Hiver 16BD\" width=\"1200\" height=\"800\" srcset=\"https:\/\/lapetitesauvageonne.fr\/wp-content\/uploads\/2026\/03\/16BD.jpg 1200w, https:\/\/lapetitesauvageonne.fr\/wp-content\/uploads\/2026\/03\/16BD-980x653.jpg 980w, https:\/\/lapetitesauvageonne.fr\/wp-content\/uploads\/2026\/03\/16BD-480x320.jpg 480w\" sizes=\"(min-width: 0px) and (max-width: 480px) 480px, (min-width: 481px) and (max-width: 980px) 980px, (min-width: 981px) 1200px, 100vw\" class=\"wp-image-86\" \/><\/span><\/div>\n<\/div>\n\n<div class=\"et_pb_column_5 et_pb_column et-last-child et_flex_column et_pb_css_mix_blend_mode_passthrough et_flex_column_12_24 et_flex_column_12_24_tablet et_flex_column_24_24_phone\">\n<div class=\"et_pb_image_3 et_pb_image et_pb_module et_flex_module\"><span class=\"et_pb_image_wrap\"><img loading=\"lazy\" decoding=\"async\" src=\"https:\/\/lapetitesauvageonne.fr\/wp-content\/uploads\/2026\/03\/2BD.jpg\" title=\"Hiver 2BD\" width=\"1200\" height=\"800\" srcset=\"https:\/\/lapetitesauvageonne.fr\/wp-content\/uploads\/2026\/03\/2BD.jpg 1200w, https:\/\/lapetitesauvageonne.fr\/wp-content\/uploads\/2026\/03\/2BD-980x653.jpg 980w, https:\/\/lapetitesauvageonne.fr\/wp-content\/uploads\/2026\/03\/2BD-480x320.jpg 480w\" sizes=\"(min-width: 0px) and (max-width: 480px) 480px, (min-width: 481px) and (max-width: 980px) 980px, (min-width: 981px) 1200px, 100vw\" class=\"wp-image-83\" \/><\/span><\/div>\n<\/div>\n<\/div>\n\n<div class=\"et_pb_row_4 et_pb_row et_flex_row\">\n<div class=\"et_pb_column_6 et_pb_column et-last-child et_flex_column et_pb_css_mix_blend_mode_passthrough et_flex_column_24_24 et_flex_column_24_24_tablet et_flex_column_24_24_phone\">\n<div class=\"et_pb_image_4 et_pb_image et_pb_module et_flex_module\"><span class=\"et_pb_image_wrap\"><img loading=\"lazy\" decoding=\"async\" src=\"https:\/\/lapetitesauvageonne.fr\/wp-content\/uploads\/2026\/03\/14BD-683x1024.jpg\" title=\"Hiver 14BD\" width=\"683\" height=\"1024\" srcset=\"https:\/\/lapetitesauvageonne.fr\/wp-content\/uploads\/2026\/03\/14BD-683x1024.jpg 683w, https:\/\/lapetitesauvageonne.fr\/wp-content\/uploads\/2026\/03\/14BD-480x720.jpg 480w\" sizes=\"(min-width: 0px) and (max-width: 480px) 480px, (min-width: 481px) 683px, 100vw\" class=\"wp-image-84\" \/><\/span><\/div>\n<\/div>\n<\/div>\n\n<div class=\"et_pb_row_5 et_pb_row et_flex_row\">\n<div class=\"et_pb_column_7 et_pb_column et-last-child et_flex_column et_pb_css_mix_blend_mode_passthrough et_flex_column_24_24 et_flex_column_24_24_tablet et_flex_column_24_24_phone\">\n<div class=\"et_pb_text_3 et_pb_text et_pb_bg_layout_light et_pb_module et_flex_module\">\n<div class=\"et_pb_text_4 et_pb_text et_pb_bg_layout_light et_pb_module et_flex_module\"><div class=\"et_pb_text_inner\"><p>Une partie de la tribu de souris de Noel a d\u00e9cid\u00e9 de jouer les prolongations et a pos\u00e9 ses valises \u00e0 la montagne. Certaines de ces coquines s\u2019\u00e9clatent dans la neige, pendant que d\u2019autres mijotent une belle r\u00e9ception dans leur maison d\u2019hiver. Les arbres aux tons neutres et les photophores en bois (jour de f\u00eate) jouent les prolongations pour cr\u00e9er un tableau original et po\u00e9tique.<\/p>\n<p>Pour ce faire, j\u2019ai customis\u00e9 une jolie cage donn\u00e9e par ma m\u00e8re il y a quelques ann\u00e9es, simplement pos\u00e9e sur une chute de tissus en fausse fourrure \u00e9crue. Quelques vieux arbres en bois flott\u00e9 des bougeoirs en tron\u00e7ons de bois, et quelques pommes de min dor\u00e9es et le tour est jou\u00e9, et avec uniquement du r\u00e9emploi de pi\u00e8ces utilis\u00e9es pr\u00e9c\u00e9demment pour no\u00ebl.<\/p>\n<\/div><\/div>\n<\/div>\n<\/div>\n<\/div>\n<\/div>\n\n<div class=\"et_pb_section_5 et_pb_section et_section_regular et_flex_section\">\n<div class=\"et_pb_row_6 et_pb_row et_flex_row\">\n<div class=\"et_pb_column_8 et_pb_column et_flex_column et_pb_css_mix_blend_mode_passthrough et_flex_column_12_24 et_flex_column_12_24_tablet et_flex_column_24_24_phone\">\n<div class=\"et_pb_image_5 et_pb_image et_pb_module et_flex_module\"><span class=\"et_pb_image_wrap\"><img loading=\"lazy\" decoding=\"async\" src=\"https:\/\/lapetitesauvageonne.fr\/wp-content\/uploads\/2026\/03\/20BD.jpg\" title=\"Hiver 20BD\" width=\"800\" height=\"1200\" srcset=\"https:\/\/lapetitesauvageonne.fr\/wp-content\/uploads\/2026\/03\/20BD.jpg 800w, https:\/\/lapetitesauvageonne.fr\/wp-content\/uploads\/2026\/03\/20BD-480x720.jpg 480w\" sizes=\"(min-width: 0px) and (max-width: 480px) 480px, (min-width: 481px) 800px, 100vw\" class=\"wp-image-90\" \/><\/span><\/div>\n<\/div>\n\n<div class=\"et_pb_column_9 et_pb_column et-last-child et_flex_column et_pb_css_mix_blend_mode_passthrough et_flex_column_12_24 et_flex_column_12_24_tablet et_flex_column_24_24_phone\">\n<div class=\"et_pb_image_6 et_pb_image et_pb_module et_flex_module\"><span class=\"et_pb_image_wrap\"><img loading=\"lazy\" decoding=\"async\" src=\"https:\/\/lapetitesauvageonne.fr\/wp-content\/uploads\/2026\/03\/18BD.jpg\" title=\"Hiver 18BD\" width=\"800\" height=\"1200\" srcset=\"https:\/\/lapetitesauvageonne.fr\/wp-content\/uploads\/2026\/03\/18BD.jpg 800w, https:\/\/lapetitesauvageonne.fr\/wp-content\/uploads\/2026\/03\/18BD-480x720.jpg 480w\" sizes=\"(min-width: 0px) and (max-width: 480px) 480px, (min-width: 481px) 800px, 100vw\" class=\"wp-image-88\" \/><\/span><\/div>\n<\/div>\n<\/div>\n\n<div class=\"et_pb_row_7 et_pb_row et_flex_row\">\n<div class=\"et_pb_column_10 et_pb_column et-last-child et_flex_column et_pb_css_mix_blend_mode_passthrough et_flex_column_24_24 et_flex_column_24_24_tablet et_flex_column_24_24_phone\">\n<div class=\"et_pb_text_5 et_pb_text et_pb_bg_layout_light et_pb_module et_flex_module\"><div class=\"et_pb_text_inner\"><p>Sur le rebord d\u2019une fen\u00eatre, mon cache pot pr\u00e9f\u00e9r\u00e9 (Werner Voss) \u00e0 l\u2019incroyable surface champignon en glacis \u00e9maill\u00e9, avec une branche de saule plant\u00e9e dans une jolie plante permanente, lui donne un bel effet graphique. Quelques beaux galets de rivi\u00e8re, le chant d\u2019un timide oiseau gris et une vieille pi\u00e8ce de bois chin\u00e9e, et c\u2019est tout. Apr\u00e8s l\u2019opulence d\u00e9corative de no\u00ebl, j\u2019ai besoin de sobri\u00e9t\u00e9 pour nourrir mes futures inspirations. Une respiration, au c\u0153ur de l\u2019hiver.<\/p>\n<\/div><\/div>\n<\/div>\n<\/div>\n<\/div>\n\n<div class=\"et_pb_section_6 et_pb_section et_section_regular et_flex_section\">\n<div class=\"et_pb_row_8 et_pb_row et_flex_row\">\n<div class=\"et_pb_column_11 et_pb_column et_flex_column et_pb_css_mix_blend_mode_passthrough et_flex_column_12_24 et_flex_column_12_24_tablet et_flex_column_24_24_phone\">\n<div class=\"et_pb_image_7 et_pb_image et_pb_module et_flex_module\"><span class=\"et_pb_image_wrap\"><img loading=\"lazy\" decoding=\"async\" src=\"https:\/\/lapetitesauvageonne.fr\/wp-content\/uploads\/2026\/03\/11BD.jpg\" title=\"Hiver 11BD\" width=\"1200\" height=\"801\" srcset=\"https:\/\/lapetitesauvageonne.fr\/wp-content\/uploads\/2026\/03\/11BD.jpg 1200w, https:\/\/lapetitesauvageonne.fr\/wp-content\/uploads\/2026\/03\/11BD-980x654.jpg 980w, https:\/\/lapetitesauvageonne.fr\/wp-content\/uploads\/2026\/03\/11BD-480x320.jpg 480w\" sizes=\"(min-width: 0px) and (max-width: 480px) 480px, (min-width: 481px) and (max-width: 980px) 980px, (min-width: 981px) 1200px, 100vw\" class=\"wp-image-93\" \/><\/span><\/div>\n\n<div class=\"et_pb_text_6 et_pb_text et_pb_bg_layout_light et_pb_module et_flex_module\"><div class=\"et_pb_text_inner\"><p>Sur une chemin\u00e9e j\u2019assemble un d\u00e9cor tr\u00e8s \u00e9pur\u00e9 dans des tons froids, pour mettre en valeur deux sublimes t\u00eates de chevaux, offertes par mon mari pour no\u00ebl (Lob\u00e9ron).<\/p>\n<p>S\u2019y ajoute un ensemble de deux magnifiques plateaux \u00e9maill\u00e9s \u00e9dit\u00e9s par les S\u0153urs Boncoeur, pour lesquels j\u2019ai eu un \u00e9norme coup de foudre. Je les disposerai au printemps sur ma cr\u00e9dence de cuisine. Puis des nuages dor\u00e9s de la m\u00eame marque, pour r\u00e9chauffer l\u2019ensemble et faire \u00e9cho au jaune du petit plateau.<\/p>\n<\/div><\/div>\n<\/div>\n\n<div class=\"et_pb_column_12 et_pb_column et-last-child et_flex_column et_pb_css_mix_blend_mode_passthrough et_flex_column_12_24 et_flex_column_12_24_tablet et_flex_column_24_24_phone\">\n<div class=\"et_pb_image_8 et_pb_image et_pb_module et_flex_module\"><span class=\"et_pb_image_wrap\"><img loading=\"lazy\" decoding=\"async\" src=\"https:\/\/lapetitesauvageonne.fr\/wp-content\/uploads\/2026\/03\/19BD.jpg\" title=\"Hiver 19BD\" width=\"1200\" height=\"800\" srcset=\"https:\/\/lapetitesauvageonne.fr\/wp-content\/uploads\/2026\/03\/19BD.jpg 1200w, https:\/\/lapetitesauvageonne.fr\/wp-content\/uploads\/2026\/03\/19BD-980x653.jpg 980w, https:\/\/lapetitesauvageonne.fr\/wp-content\/uploads\/2026\/03\/19BD-480x320.jpg 480w\" sizes=\"(min-width: 0px) and (max-width: 480px) 480px, (min-width: 481px) and (max-width: 980px) 980px, (min-width: 981px) 1200px, 100vw\" class=\"wp-image-89\" \/><\/span><\/div>\n\n<div class=\"et_pb_text_7 et_pb_text et_pb_bg_layout_light et_pb_module et_flex_module\"><div class=\"et_pb_text_inner\"><p>Une accumulation de jacinthes plant\u00e9es dans des pots de conserves Le parfait, de diff\u00e9rentes tailles et formes, parfume d\u00e9licieusement la maison et permet de patienter en attendant le printemps.<\/p>\n<\/div><\/div>\n<\/div>\n<\/div>\n<\/div>\n\n<div class=\"et_pb_section_7 et_pb_section et_section_regular et_flex_section\">\n<div class=\"et_pb_row_9 et_pb_row et_flex_row\">\n<div class=\"et_pb_column_13 et_pb_column et_flex_column et_pb_css_mix_blend_mode_passthrough et_flex_column_2_5 et_flex_column_2_5_tablet et_flex_column_24_24_phone\">\n<div class=\"et_pb_image_9 et_pb_image et_pb_module et_flex_module\"><span class=\"et_pb_image_wrap\"><img loading=\"lazy\" decoding=\"async\" src=\"https:\/\/lapetitesauvageonne.fr\/wp-content\/uploads\/2026\/03\/30-R-1.jpg\" title=\"hiver 30 R\" width=\"800\" height=\"1200\" srcset=\"https:\/\/lapetitesauvageonne.fr\/wp-content\/uploads\/2026\/03\/30-R-1.jpg 800w, https:\/\/lapetitesauvageonne.fr\/wp-content\/uploads\/2026\/03\/30-R-1-480x720.jpg 480w\" sizes=\"(min-width: 0px) and (max-width: 480px) 480px, (min-width: 481px) 800px, 100vw\" class=\"wp-image-205\" \/><\/span><\/div>\n<\/div>\n\n<div class=\"et_pb_column_14 et_pb_column et-last-child et_flex_column et_pb_css_mix_blend_mode_passthrough et_flex_column_3_5 et_flex_column_3_5_tablet et_flex_column_24_24_phone\">\n<div class=\"et_pb_text_8 et_pb_text et_pb_bg_layout_light et_pb_module et_flex_module\"><div class=\"et_pb_text_inner\"><p>Pour un repas d\u2019hiver comme centre de table ou bien simplement pos\u00e9es un meuble, quelques jolies bouteilles bomb\u00e9es d\u2019une peinture argent\u00e9 effet chrome, pos\u00e9es sur un rondin de bois et garnies de fleurs s\u00e9ch\u00e9es bomb\u00e9es de m\u00eame couleur, produisent un bel effet \u00e0 tr\u00e8s peu de frais.<\/p>\n<\/div><\/div>\n<\/div>\n<\/div>\n<\/div>\n\n<div class=\"et_pb_section_8 et_pb_section et_section_regular et_flex_section\">\n<div class=\"et_pb_row_10 et_pb_row et_flex_row\">\n<div class=\"et_pb_column_15 et_pb_column et-last-child et_flex_column et_pb_css_mix_blend_mode_passthrough et_flex_column_24_24 et_flex_column_24_24_tablet et_flex_column_24_24_phone\">\n<div class=\"et_pb_text_9 et_pb_text et_pb_bg_layout_light et_pb_module et_flex_module\"><div class=\"et_pb_text_inner\"><h2 style=\"text-align: center;\">Mon Moon Board<\/h2>\n<\/div><\/div>\n<\/div>\n<\/div>\n<\/div>\n\n<div class=\"et_pb_section_9 et_pb_section et_section_regular et_flex_section\">\n<div class=\"et_pb_row_11 et_pb_row et_flex_row\">\n<div class=\"et_pb_column_16 et_pb_column et-last-child et_flex_column et_pb_css_mix_blend_mode_passthrough et_flex_column_24_24 et_flex_column_24_24_tablet et_flex_column_24_24_phone\">\n<div class=\"et_pb_cta_0 et_pb_promo et_pb_bg_layout_light et_pb_module et_flex_module\"><div class=\"et_pb_promo_description\"><h2 class=\"et_pb_module_header\">D\u00e9coration saisonni\u00e8re : Par o\u00f9 commencer ?<\/h2><div class=\"et_pb_promo_content\"><p>Si vous avez envie de vous lancer dans la d\u00e9co saisonni\u00e8re, mais que vous ne savez pas par o\u00f9 commencer, je vous ai concoct\u00e9 un petit guide de d\u00e9marrage.<\/p>\n<p>Avertissement important\u00a0: risque de devenir addict\u00a0!<\/p>\n<\/div><\/div><\/div>\n\n<div class=\"et_pb_module et_pb_button_module_wrapper et_pb_button_0_wrapper\"><a class=\"et_pb_button_0 et_pb_button et_pb_bg_layout_light et_pb_module et_flex_module\" href=\"https:\/\/lapetitesauvageonne.fr\/index.php\/decoration-saisonniere-par-ou-commencer\/\">D\u00e9coration saisonni\u00e8re par o\u00f9 commencer<\/a><\/div>\n<\/div>\n<\/div>\n<\/div>","protected":false},"excerpt":{"rendered":"","protected":false},"author":1,"featured_media":0,"parent":0,"menu_order":0,"comment_status":"closed","ping_status":"closed","template":"","meta":{"footnotes":""},"class_list":["post-57","page","type-page","status-publish","hentry"],"_links":{"self":[{"href":"https:\/\/lapetitesauvageonne.fr\/index.php\/wp-json\/wp\/v2\/pages\/57","targetHints":{"allow":["GET"]}}],"collection":[{"href":"https:\/\/lapetitesauvageonne.fr\/index.php\/wp-json\/wp\/v2\/pages"}],"about":[{"href":"https:\/\/lapetitesauvageonne.fr\/index.php\/wp-json\/wp\/v2\/types\/page"}],"author":[{"embeddable":true,"href":"https:\/\/lapetitesauvageonne.fr\/index.php\/wp-json\/wp\/v2\/users\/1"}],"replies":[{"embeddable":true,"href":"https:\/\/lapetitesauvageonne.fr\/index.php\/wp-json\/wp\/v2\/comments?post=57"}],"version-history":[{"count":11,"href":"https:\/\/lapetitesauvageonne.fr\/index.php\/wp-json\/wp\/v2\/pages\/57\/revisions"}],"predecessor-version":[{"id":272,"href":"https:\/\/lapetitesauvageonne.fr\/index.php\/wp-json\/wp\/v2\/pages\/57\/revisions\/272"}],"wp:attachment":[{"href":"https:\/\/lapetitesauvageonne.fr\/index.php\/wp-json\/wp\/v2\/media?parent=57"}],"curies":[{"name":"wp","href":"https:\/\/api.w.org\/{rel}","templated":true}]}}